{"id":3532,"date":"2023-09-18T16:37:23","date_gmt":"2023-09-18T13:37:23","guid":{"rendered":"https:\/\/onkel.com.tr\/unkategorisiert\/schwarze-zucchini\/"},"modified":"2024-07-23T13:28:35","modified_gmt":"2024-07-23T10:28:35","slug":"schwarze-zucchini","status":"publish","type":"product","link":"https:\/\/onkel.com.tr\/de\/gemuese\/kuerbissorten-de\/schwarze-zucchini\/","title":{"rendered":"Schwarze Zucchino"},"content":{"rendered":"<div class=\"periyodikTablo\">\n<table>\n<thead>\n<tr>\n<th class=\"periyodikTabloTitle\" colspan=\"12\">verf\u00fcgbare Jahreszeiten<\/th>\n<\/tr>\n<tr>\n<th>Januar<\/th>\n<th>Februar<\/th>\n<th>M\u00e4rz<\/th>\n<th>April<\/th>\n<th>Mai<\/th>\n<th>Juno<\/th>\n<th>Juli<\/th>\n<th>August<\/th>\n<th>September<\/th>\n<th>Oktober<\/th>\n<th>November<\/th>\n<th>Dezember<\/th>\n<\/tr>\n<\/thead>\n<tbody>\n<tr>\n<td class=\"\"><\/td>\n<td class=\"\"><\/td>\n<td class=\"\"><\/td>\n<td class=\"\"><\/td>\n<td class=\"green\"><\/td>\n<td class=\"green\"><\/td>\n<td class=\"green\"><\/td>\n<td class=\"\"><\/td>\n<td class=\"\"><\/td>\n<td class=\"\"><\/td>\n<td class=\"\"><\/td>\n<td class=\"\"><\/td>\n<\/tr>\n<\/tbody>\n<\/table>\n<\/div>\n<div class=\"productTable\">\n<table><!-- BA\u015eLIK --><\/p>\n<thead>\n<tr>\n<th>Ma\u00dfeinheit<\/th>\n<th><img decoding=\"async\" class=\"\" src=\"\/wp-content\/uploads\/kasa.svg\"> Verpackung<\/th>\n<th><img decoding=\"async\" class=\"\" src=\"\/wp-content\/uploads\/palet.svg\"> Pallete<\/th>\n<\/tr>\n<\/thead>\n<p><!-- BA\u015eLIK--><!-- CONTENT --><\/p>\n<tbody>\n<tr>\n<td class=\"boy\"><\/td>\n<td class=\"ambalaj\">\n<div><strong>Kunststoffkoffer<\/strong> 30&#215;40 cm<\/div>\n<div><strong>Pappkarton<\/strong> 30&#215;60 cm<\/div>\n<\/td>\n<td class=\"palet\">\n<div><strong>Europalette<\/strong> 80&#215;100 cm<\/div>\n<div><strong>Normale Palette<\/strong> 100&#215;120 cm<\/div>\n<\/td>\n<\/tr>\n<\/tbody>\n<p><!-- CONTENT --><\/table>\n<\/div>\n","protected":false},"excerpt":{"rendered":"<p>Es handelt sich um eine Sorte mit dunkelgr\u00fcnen Fr\u00fcchten. Die Fr\u00fcchte sind zylinderf\u00f6rmig und je nach Erntezeit 18-22 cm gro\u00df. lang. Sie ist eine fr\u00fche und produktive Sorte, die keine Arme wirft. Sie hat einen hohen Marktwert. Sie wird als essbar verzehrt.<\/p>\n","protected":false},"featured_media":2623,"template":"","meta":[],"product_brand":[],"product_cat":[126],"product_tag":[],"class_list":{"0":"post-3532","1":"product","2":"type-product","3":"status-publish","4":"has-post-thumbnail","6":"product_cat-kuerbissorten-de","8":"first","9":"instock","10":"shipping-taxable","11":"product-type-simple"},"_links":{"self":[{"href":"https:\/\/onkel.com.tr\/de\/wp-json\/wp\/v2\/product\/3532","targetHints":{"allow":["GET"]}}],"collection":[{"href":"https:\/\/onkel.com.tr\/de\/wp-json\/wp\/v2\/product"}],"about":[{"href":"https:\/\/onkel.com.tr\/de\/wp-json\/wp\/v2\/types\/product"}],"wp:featuredmedia":[{"embeddable":true,"href":"https:\/\/onkel.com.tr\/de\/wp-json\/wp\/v2\/media\/2623"}],"wp:attachment":[{"href":"https:\/\/onkel.com.tr\/de\/wp-json\/wp\/v2\/media?parent=3532"}],"wp:term":[{"taxonomy":"product_brand","embeddable":true,"href":"https:\/\/onkel.com.tr\/de\/wp-json\/wp\/v2\/product_brand?post=3532"},{"taxonomy":"product_cat","embeddable":true,"href":"https:\/\/onkel.com.tr\/de\/wp-json\/wp\/v2\/product_cat?post=3532"},{"taxonomy":"product_tag","embeddable":true,"href":"https:\/\/onkel.com.tr\/de\/wp-json\/wp\/v2\/product_tag?post=3532"}],"curies":[{"name":"wp","href":"https:\/\/api.w.org\/{rel}","templated":true}]}}

<div class="periyodikTablo">
<table>
<thead>
<tr>
<th class="periyodikTabloTitle" colspan="12">verfügbare Jahreszeiten</th>
</tr>
<tr>
<th>Januar</th>
<th>Februar</th>
<th>März</th>
<th>April</th>
<th>Mai</th>
<th>Juno</th>
<th>Juli</th>
<th>August</th>
<th>September</th>
<th>Oktober</th>
<th>November</th>
<th>Dezember</th>
</tr>
</thead>
<tbody>
<tr>
<td class=""></td>
<td class=""></td>
<td class=""></td>
<td class=""></td>
<td class="green"></td>
<td class="green"></td>
<td class="green"></td>
<td class=""></td>
<td class=""></td>
<td class=""></td>
<td class=""></td>
<td class=""></td>
</tr>
</tbody>
</table>
</div>
<div class="productTable">
<table><!-- BAŞLIK --></p>
<thead>
<tr>
<th>Maßeinheit</th>
<th><img decoding="async" class="" src="/wp-content/uploads/kasa.svg"> Verpackung</th>
<th><img decoding="async" class="" src="/wp-content/uploads/palet.svg"> Pallete</th>
</tr>
</thead>
<p><!-- BAŞLIK--><!-- CONTENT --></p>
<tbody>
<tr>
<td class="boy"></td>
<td class="ambalaj">
<div><strong>Kunststoffkoffer</strong> 30&#215;40 cm</div>
<div><strong>Pappkarton</strong> 30&#215;60 cm</div>
</td>
<td class="palet">
<div><strong>Europalette</strong> 80&#215;100 cm</div>
<div><strong>Normale Palette</strong> 100&#215;120 cm</div>
</td>
</tr>
</tbody>
<p><!-- CONTENT --></table>
</div>

<p>Es handelt sich um eine Sorte mit dunkelgrünen Früchten. Die Früchte sind zylinderförmig und je nach Erntezeit 18-22 cm groß. lang. Sie ist eine frühe und produktive Sorte, die keine Arme wirft. Sie hat einen hohen Marktwert. Sie wird als essbar verzehrt.</p>
